factor of q and x?
26
Let k = 86 - -58. Let u = 240 - k. Let y be (-32)/6*(-360)/u. What is the greatest common divisor of y and 10?
10
Suppose 0 = -11*l - l + 240. Suppose -1064 = d - l*d. Calculate the greatest common divisor of d and 16.
8
Let z(n) = -n**3 + 6*n**2 + 5*n + 8. Let g be z(7). Let t = g - 15. Let s = t - -40. What is the greatest common divisor of 133 and s?
19
Suppose -5*z = -8*z + 180. Let u = 306 - 126. Calculate the highest common factor of z and u.
60
Suppose 2*d - 3 = -3*f, -3*d = -0*d - 2*f - 24. Let a(g) = 10*g + 14. Let x be a(d). What is the highest common factor of x and 37?
37
Let q be (-56*(-11)/385)/(4/55). Calculate the highest common factor of q and 5654.
22
Suppose -4*w = -17*z - 2*z - 9629, 5*z = w - 2407. What is the highest common divisor of w and 72?
36
Suppose 0 = -248*v + 247*v + 25. Let z = 41 - v. Calculate the highest common factor of 80 and z.
16
Let j(g) = 11*g + 93. Let a(w) = 2*w - 3. Let h(q) = -2*a(q) + j(q). Let m be h(-12). Calculate the greatest common factor of m and 180.
15
Let m = 521 - 366. Suppose 6 = g + 1. Calculate the greatest common factor of m and g.
5
Let l = -876 - -880. Let d = -47 + 135. Suppose l*s = -2*t + d, 3*s + t - 80 = 3*t. What is the greatest common divisor of s and 84?
12
Let c = -87 - -73. Let v(f) = f**2 + 12*f - 16. Let s be v(c). Suppose -149 = 4*r - 533. Calculate the greatest common divisor of s and r.
12
Let c be (-30)/(2*1/(-4)). Let x be (1 + 1)/((-1094)/(-8205)). Calculate the greatest common factor of x and c.
15
Let z be ((-72)/30)/(1/(-5)). Let b(t) = -13*t - t**3 + 20 + 51*t**2 - 3 - 38*t**2. Let l be b(z). What is the highest common factor of 5 and l?
5
Let i(j) = -27*j + 4. Let f be i(-4). Suppose 14 = 18*y - 76. Let h be -5 + ((-38)/4)/(y/(-10)). What is the highest common divisor of h and f?
14
Suppose 95 = 29*z + 8. Let s be 2*12/16*-2. Let f be (s + 5)/(z/6) + 15. Calculate the greatest common divisor of 95 and f.
19
Let g(u) = 2*u**3 + 3*u**2 - 8*u - 6. Let b be g(-5). Let p = 261 + b. Let f = 348 - 268. Calculate the greatest common divisor of p and f.
40
Suppose 268*r - 24 = 264*r, -5*q - 5*r = -76470. Calculate the highest common factor of 39 and q.
39
Let q(m) = 45 + 6*m + 7*m + 4*m - 10*m**2 + 9*m**2. Let i be q(19). Suppose 3*n + i*n = 290. What is the highest common divisor of 87 and n?
29
Let f be 586383/126 + 2/12. What is the highest common divisor of f and 26?
26
Let j be 6*1/(-2) - -4. Let r be 0*j*(-3)/(-3). Suppose -8*y + 66 - 2 = r. Calculate the highest common divisor of 2 and y.
2
Suppose -2*c - 2*w = 3*c - 23, 0 = 2*c + 2*w - 14. Let z be (-3 + 3)/c*-1. Let r(j) = 2*j + 24. Let d be r(z). Calculate the highest common factor of 48 and d.
24
Let n = 6930 - 6878. What is the highest common divisor of n and 3068?
52
Let n be (-918)/45*(-4 - (-16)/(-6)). What is the highest common factor of 56 and n?
8
Let t be 5 + (-40)/4 + 45. Suppose 2*u - 9 + 3 = 0. Suppose 2*h - u = 13. What is the greatest common divisor of t and h?
8
Let a = -9631 + 14230. What is the highest common divisor of 63 and a?
63
Let y = 531 - 526. Suppose -4*s = 3*t - 677, y*s = -2*t + 10*s + 482. Calculate the greatest common factor of 63 and t.
21
Let l(r) = -r**2 - 258*r + 1098. Let c be l(0). Calculate the greatest common factor of c and 126.
18
Let t = 117 + -71. Suppose -2001 = -6*i - 23*i. Calculate the highest common divisor of t and i.
23
Let y(f) = f**3 + 23*f**2 - 2*f - 4. Let a be y(-23). Suppose 82*p = 101*p - 7581. Calculate the highest common factor of a and p.
21
Suppose t = 2*x + 60, 108 - 6 = 2*t + 5*x. Let p be 19 - (-4 + 1 + -11 + 9). What is the greatest common factor of t and p?
8
Suppose 25*k = 20*k + 320. Let b = k + 0. Calculate the highest common divisor of b and 8.
8
Let g be ((-90)/(-10) + 64/(-8))*10/1. What is the greatest common factor of 3310 and g?
10
Let h(f) = f**2 + 8*f - 25. Let r be h(-9). Let u be 78 - (3 + r - -7). Calculate the highest common divisor of 132 and u.
12
Let k be (-5)/1 + -1 + 4. Let l be ((-9)/k + -4)*30. Suppose 11*u - l = 6*u. Calculate the greatest common divisor of u and 15.
3
Suppose -883 + 178 = -11*b - 4*b. What is the greatest common divisor of 6392 and b?
47
Let l be (-108)/(-48) - (-29169)/28. Calculate the highest common divisor of l and 870.
174
Let j(o) = o**3 - o**2 - o - 3. Let l be j(2). Let d be (-3)/12*l + (-1884)/(-16). Calculate the highest common factor of 531 and d.
59
Let a(u) = -u**3 + 11*u**2 - 20*u - 18. Let q be a(8). Suppose -66 = -17*g + q*g. Calculate the greatest common divisor of g and 4.
2
Let i = -157 - -159. Let k be ((-77)/(-28)*i)/(1/2). Calculate the highest common divisor of k and 77.
11
Suppose -3*i + 60 = -2*s + 4*s, -s + 12 = -3*i. Let m(a) = 10*a**2 + 45*a + 74. Let n be m(-4). What is the highest common divisor of s and n?
6
Let g(y) = -2*y + 8. Let t be g(6). Let s be t*(-1 + (-94)/4). Suppose -1210*m = -430*m - 10920. Calculate the highest common factor of s and m.
14
Suppose -k - 2*z + 3 = -3*z, -3*k = -z - 3. Let t(o) = o**3. Let p be t(k). Suppose p = 22*x - 20*x - 96. Calculate the greatest common divisor of x and 16.
16
Suppose 0 = -w + 2, 6*a + 0*w + 4*w - 51290 = 0. Calculate the greatest common factor of a and 77.
77
Let b = 3155 + -3123. Calculate the greatest common divisor of 304 and b.
16
Suppose -10044 = 10*g - 22*g. Calculate the highest common factor of 108 and g.
27
Let u be 268/52 + 6/(-39). Suppose -2*v = -u*i + 315, -2*v + 0*v - 132 = -2*i. Calculate the greatest common divisor of 61 and i.
61
Suppose 35*v + 209197 = 844972. Calculate the highest common divisor of 105 and v.
105
Suppose 1518 + 66 = 6*c. Calculate the greatest common divisor of 5632 and c.
88
Let x = 364 - 361. Suppose 7*o + j = 3*o + 1799, -453 = -o + x*j. Calculate the greatest common divisor of 18 and o.
18
Let p(n) be the third derivative of n**6/120 - 7*n**5/60 + 5*n**4/24 + 5*n**3/3 - 105*n**2. Let i be p(6). Calculate the highest common factor of i and 26.
2
Suppose 63*g - 89*g + 7774 = 0. Let a = g - 227. What is the greatest common factor of a and 84?
12
Let r(k) = 4*k + 27. Let s be r(-12). Let z = s + 26. Let a be (2 - z)/((-2)/24). What is the highest common divisor of a and 18?
18
Suppose 0 = 4*t + 4*w + 196, -t + w + 99 = -3*t. Let h be 5/(-10)*t*(-1 + 4). What is the greatest common divisor of h and 60?
15
Let z be 1/(-3)*(14/(-7) + 749). Let a = 361 + z. What is the highest common divisor of 7 and a?
7
Let i(d) = -2*d - 120. Let l be i(0). Let h = -41 - l. Let o = 159 - h. What is the greatest common divisor of o and 20?
20
Let t be ((-216)/42)/12 + (-32934)/(-14). Calculate the greatest common factor of 84 and t.
84
Suppose 3*i = -4*a + 6, -5*i + 10 = 5*a - 4*a. Suppose a = -6*j + 477 + 117. What is the greatest common divisor of j and 66?
33
Suppose -2*x = 7*a - 3034, -3*a = -5*x - 1138 - 133. Suppose -2*p - 9 = -73. Calculate the greatest common factor of p and a.
16
Suppose -2*r - 2*d = 12, r + 4*r - 2*d = -16. Let p be -1 + 1226/30 - r/30. Calculate the greatest common factor of 40 and p.
40
Suppose 12 = 4*n - 4. Suppose 5*t - 3095 = 2*g, n*t - 4*g - 1554 = 910. Calculate the highest common factor of 69 and t.
69
Suppose 0 = 4*l + w - 100 + 13, 24 = l + w. Let p = -104 - -188. What is the highest common factor of l and p?
21
Suppose -3*a - 49*j + 45*j = -1108, -4*j + 16 = 0. Calculate the highest common divisor of a and 13.
13
Suppose -5*u = 3*m - 15754, 5*u - 6300 = 3*u - 2*m. Calculate the highest common divisor of u and 32.
16
Suppose a = 3*k - 428, 0 = -2*k + 2*a - 332 + 612. What is the greatest common factor of 272 and k?
16
Let w(i) = -2*i**3 + 66*i**2 - 79*i + 230. Let g be w(31). Calculate the greatest common factor of g and 50.
25
Let i(l) = l + 9. Let w be i(-6). Suppose -4 = -4*r + w*r. Suppose -r*z + 5*d + 595 = 0, 3*d - 37 = z - 184. What is the greatest common divisor of z and 30?
30
Suppose 3*t + 152*x - 797 = 156*x, 2*t - 2*x = 528. What is the highest common divisor of 111 and t?
37
Let p(d) = -d**3 - 8*d**2 + 318*d + 1982. Let a be p(-6). Calculate the highest common factor of 548 and a.
2
Suppose -3*x = -t + 8, 29 = 5*t + x - 5*x. Let k be 28/t + -6*4/40. Suppose k*d = s + 74, 2*d - 4*s = s + 25. Calculate the greatest common factor of 15